{"id":2,"date":"2020-01-16T23:12:16","date_gmt":"2020-01-16T22:12:16","guid":{"rendered":"http:\/\/alban-pouchelon.fr\/?page_id=2"},"modified":"2020-01-20T21:57:19","modified_gmt":"2020-01-20T20:57:19","slug":"mentionslegales","status":"publish","type":"page","link":"https:\/\/alban-pouchelon.fr\/index.php\/mentionslegales\/","title":{"rendered":"Politique de confidentialit\u00e9"},"content":{"rendered":"\n<p><strong>QUI SOMMES NOUS<\/strong> <\/p>\n\n\n\n<p>L\u2019adresse de notre site Web est : http:\/\/alban-pouchelon.fr<\/p>\n\n\n\n<p>Pour tout renseignement : contact@alban-pouchelon.fr<br>Utilisation des donn\u00e9es personnelles collect\u00e9es<br><strong>Commentaires<\/strong><\/p>\n\n\n\n<p>Quand\n vous laissez un commentaire sur notre site web, les donn\u00e9es inscrites \ndans le formulaire de commentaire, mais aussi votre adresse IP et \nl\u2019agent utilisateur de votre navigateur sont collect\u00e9s pour nous aider \u00e0\n la d\u00e9tection des commentaires ind\u00e9sirables.<\/p>\n\n\n\n<p>Une cha\u00eene \nanonymis\u00e9e cr\u00e9\u00e9e \u00e0 partir de votre adresse de messagerie (\u00e9galement \nappel\u00e9e hash) peut \u00eatre envoy\u00e9e au service Gravatar pour v\u00e9rifier si \nvous utilisez ce dernier. Les clauses de confidentialit\u00e9 du service \nGravatar sont disponibles ici : https:\/\/automattic.com\/privacy\/. Apr\u00e8s \nvalidation de votre commentaire, votre photo de profil sera visible \npubliquement \u00e0 cot\u00e9 de votre commentaire.<br>M\u00e9dias<\/p>\n\n\n\n<p>Si vous \u00eates  un utilisateur ou une utilisatrice enregistr\u00e9\u00b7e et que vous t\u00e9l\u00e9versez  des images sur le site web, nous vous conseillons d\u2019\u00e9viter de t\u00e9l\u00e9verser  des images contenant des donn\u00e9es EXIF de coordonn\u00e9es GPS. Les visiteurs  de votre site web peuvent t\u00e9l\u00e9charger et extraire des donn\u00e9es de  localisation depuis ces images.<br>Formulaires de contact<br><strong>Cookies<\/strong><\/p>\n\n\n\n<p>Si\n vous d\u00e9posez un commentaire sur notre site, il vous sera propos\u00e9 \nd\u2019enregistrer votre nom, adresse de messagerie et site web dans des \ncookies. C\u2019est uniquement pour votre confort afin de ne pas avoir \u00e0 \nsaisir ces informations si vous d\u00e9posez un autre commentaire plus tard. \nCes cookies expirent au bout d\u2019un an.<\/p>\n\n\n\n<p>Si vous avez un compte et \nque vous vous connectez sur ce site, un cookie temporaire sera cr\u00e9\u00e9 afin\n de d\u00e9terminer si votre navigateur accepte les cookies. Il ne contient \npas de donn\u00e9es personnelles et sera supprim\u00e9 automatiquement \u00e0 la \nfermeture de votre navigateur.<\/p>\n\n\n\n<p>Lorsque vous vous connecterez, \nnous mettrons en place un certain nombre de cookies pour enregistrer vos\n informations de connexion et vos pr\u00e9f\u00e9rences d\u2019\u00e9cran. La dur\u00e9e de vie \nd\u2019un cookie de connexion est de deux jours, celle d\u2019un cookie d\u2019option \nd\u2019\u00e9cran est d\u2019un an. Si vous cochez \u00ab Se souvenir de moi \u00bb, votre cookie\n de connexion sera conserv\u00e9 pendant deux semaines. Si vous vous \nd\u00e9connectez de votre compte, le cookie de connexion sera effac\u00e9.\n\n<\/p>\n\n\n\n<p> En  modifiant ou en publiant un article, un cookie suppl\u00e9mentaire sera  enregistr\u00e9 dans votre navigateur. Ce cookie ne comprend aucune donn\u00e9e  personnelle. Il indique simplement l\u2019identifiant de l\u2019article que vous  venez de modifier. Il expire au bout d\u2019un jour.<br><strong>Contenu embarqu\u00e9 depuis d\u2019autres sites<\/strong><\/p>\n\n\n\n<p>Les\n articles de ce site peuvent inclure des contenus int\u00e9gr\u00e9s (par exemple \ndes vid\u00e9os, images, articles\u2026). Le contenu int\u00e9gr\u00e9 depuis d\u2019autres sites\n se comporte de la m\u00eame mani\u00e8re que si le visiteur se rendait sur cet \nautre site.<\/p>\n\n\n\n<p>Ces sites web pourraient collecter des donn\u00e9es sur  vous, utiliser des cookies, embarquer des outils de suivis tiers, suivre  vos interactions avec ces contenus embarqu\u00e9s si vous disposez d\u2019un  compte connect\u00e9 sur leur site web.<br>Statistiques et mesures d\u2019audience<br>Utilisation et transmission de vos donn\u00e9es personnelles<br><strong>Dur\u00e9es de stockage de vos donn\u00e9es<\/strong><\/p>\n\n\n\n<p>Si\n vous laissez un commentaire, le commentaire et ses m\u00e9tadonn\u00e9es sont \nconserv\u00e9s ind\u00e9finiment. Cela permet de reconna\u00eetre et approuver \nautomatiquement les commentaires suivants au lieu de les laisser dans la\n file de mod\u00e9ration.<\/p>\n\n\n\n<p>Pour les utilisateurs et utilisatrices qui \ns\u2019enregistrent sur notre site (si cela est possible), nous stockons \n\u00e9galement les donn\u00e9es personnelles indiqu\u00e9es dans leur profil. Tous les \nutilisateurs et utilisatrices peuvent voir, modifier ou supprimer leurs \ninformations personnelles \u00e0 tout moment (\u00e0 l\u2019exception de leur nom \nd\u2019utilisateur\u00b7ice). Les gestionnaires du site peuvent aussi voir et \nmodifier ces informations.<br>Les droits que vous avez sur vos donn\u00e9es<\/p>\n\n\n\n<p>Si  vous avez un compte ou si vous avez laiss\u00e9 des commentaires sur le  site, vous pouvez demander \u00e0 recevoir un fichier contenant toutes les  donn\u00e9es personnelles que nous poss\u00e9dons \u00e0 votre sujet, incluant celles  que vous nous avez fournies. Vous pouvez \u00e9galement demander la  suppression des donn\u00e9es personnelles vous concernant. Cela ne prend pas  en compte les donn\u00e9es stock\u00e9es \u00e0 des fins administratives, l\u00e9gales ou  pour des raisons de s\u00e9curit\u00e9.<br><strong>Transmission de vos donn\u00e9es personnelles<\/strong><\/p>\n\n\n\n<p>Les  commentaires des visiteurs peuvent \u00eatre v\u00e9rifi\u00e9s \u00e0 l\u2019aide d\u2019un service  automatis\u00e9 de d\u00e9tection des commentaires ind\u00e9sirables.En modifiant ou en  publiant un article, un cookie suppl\u00e9mentaire sera enregistr\u00e9 dans  votre navigateur. Ce cookie ne comprend aucune donn\u00e9e personnelle. Il  indique simplement l\u2019identifiant de l\u2019article que vous venez de  modifier. Il expire au bout d\u2019un jour.<br><strong>Contenu embarqu\u00e9 depuis d\u2019autres sites<\/strong><\/p>\n\n\n\n<p>Les\n articles de ce site peuvent inclure des contenus int\u00e9gr\u00e9s (par exemple \ndes vid\u00e9os, images, articles\u2026). Le contenu int\u00e9gr\u00e9 depuis d\u2019autres sites\n se comporte de la m\u00eame mani\u00e8re que si le visiteur se rendait sur cet \nautre site.<\/p>\n\n\n\n<p>Ces sites web pourraient collecter des donn\u00e9es sur  vous, utiliser des cookies, embarquer des outils de suivis tiers, suivre  vos interactions avec ces contenus embarqu\u00e9s si vous disposez d\u2019un  compte connect\u00e9 sur leur site web.<br>Statistiques et mesures d\u2019audience<br><strong>Utilisation et transmission de vos donn\u00e9es personnelles<\/strong><br><strong>Dur\u00e9es de stockage de vos donn\u00e9es<\/strong><\/p>\n\n\n\n<p>Si\n vous laissez un commentaire, le commentaire et ses m\u00e9tadonn\u00e9es sont \nconserv\u00e9s ind\u00e9finiment. Cela permet de reconna\u00eetre et approuver \nautomatiquement les commentaires suivants au lieu de les laisser dans la\n file de mod\u00e9ration.<\/p>\n\n\n\n<p>Pour les utilisateurs et utilisatrices qui  s\u2019enregistrent sur notre site (si cela est possible), nous stockons  \u00e9galement les donn\u00e9es personnelles indiqu\u00e9es dans leur profil. Tous les  utilisateurs et utilisatrices peuvent voir, modifier ou supprimer leurs  informations personnelles \u00e0 tout moment (\u00e0 l\u2019exception de leur nom  d\u2019utilisateur\u00b7ice). Les gestionnaires du site peuvent aussi voir et  modifier ces informations.<br><strong>Les droits que vous avez sur vos donn\u00e9es<\/strong><\/p>\n\n\n\n<p>Si  vous avez un compte ou si vous avez laiss\u00e9 des commentaires sur le  site, vous pouvez demander \u00e0 recevoir un fichier contenant toutes les  donn\u00e9es personnelles que nous poss\u00e9dons \u00e0 votre sujet, incluant celles  que vous nous avez fournies. Vous pouvez \u00e9galement demander la  suppression des donn\u00e9es personnelles vous concernant. Cela ne prend pas  en compte les donn\u00e9es stock\u00e9es \u00e0 des fins administratives, l\u00e9gales ou  pour des raisons de s\u00e9curit\u00e9.<br><strong>Transmission de vos donn\u00e9es personnelles<\/strong><\/p>\n\n\n\n<p>Les\n commentaires des visiteurs peuvent \u00eatre v\u00e9rifi\u00e9s \u00e0 l\u2019aide d\u2019un service \nautomatis\u00e9 de d\u00e9tection des commentaires ind\u00e9sirables.\n\n<\/p>\n\n\n\n<h2 class=\"wp-block-heading\">Mentions l\u00e9gales<\/h2>\n\n\n\n<p>Merci de lire avec attention les diff\u00e9rentes modalit\u00e9s d\u2019utilisation du pr\u00e9sent site avant d\u2019y parcourir ses pages. En vous connectant sur ce site, vous acceptez sans r\u00e9serves les pr\u00e9sentes modalit\u00e9s. Aussi, conform\u00e9ment \u00e0 l\u2019article n\u00b06 de la Loi n\u00b02004-575 du 21 Juin 2004 pour la confiance dans l\u2019\u00e9conomie num\u00e9rique, les responsables du pr\u00e9sent site internet <a class=\"\" href=\"http:\/\/www.rdv-alban-pouchelon.fr\/\">www.alban-pouchelon.fr<\/a> sont :<\/p>\n\n\n\n<p><strong> Editeur du Site : <\/strong><br>Docteur Alban POUCHELON<br>Num\u00e9ro de SIRET : 49341845300038<br>9 place Saint Jean Baptiste 38690 BIOL\u2013 AUVEGNE RH\u00d4NE ALPES \u2013 FRANCE<br>T\u00e9l\u00e9phone :04 74 92 22 40<br>Email : contact@alban-pouchelon.fr<br>Site Web www.alban-pouchelon.fr<br><strong>H\u00e9bergement : <\/strong><br>H\u00e9bergeur : OVH<br>2 rue Kellermann \u2013 59100 Roubaix \u2013 France<br>Site Web : OVH.com<br><strong>D\u00e9veloppement :<\/strong> <br>Docteur Alban POUCHELON<br>Num\u00e9ro de SIRET : 49341845300038<br>9 place Saint Jean Baptiste 38690 BIOL\u2013 AUVEGNE RH\u00d4NE ALPES \u2013 FRANCE <strong>Editeur du Site : <\/strong><br>Docteur Alban POUCHELON<br>Num\u00e9ro de SIRET : 49341845300038<br>9 place Saint Jean Baptiste 38690 BIOL\u2013 AUVEGNE RH\u00d4NE ALPES \u2013 FRANCE<br>T\u00e9l\u00e9phone :04 74 92 22 40<br>Email : contact@alban-pouchelon.fr<br>Site Web www.alban-pouchelon.fr<br><strong>H\u00e9bergement : <\/strong><br>H\u00e9bergeur : OVH<br>2 rue Kellermann \u2013 59100 Roubaix \u2013 France<br>Site Web : OVH.com<br><strong>D\u00e9veloppement : <\/strong><br>Docteur Alban POUCHELON<br>Num\u00e9ro de SIRET : 49341845300038<br>9 place Saint Jean Baptiste 38690 BIOL\u2013 AUVEGNE RH\u00d4NE ALPES \u2013 FRANCE  <\/p>\n\n\n\n<p> <strong>Conditions d\u2019utilisation : <\/strong><br>Ce  site (www.alban-pouchelon.fr) est propos\u00e9 en diff\u00e9rents langages  web (HTML, HTML5, Javascript, CSS, etc\u2026) pour un meilleur confort  d\u2019utilisation et un graphisme plus agr\u00e9able, nous vous recommandons de  recourir \u00e0 des navigateurs modernes comme Internet explorer, Safari,  Firefox, Google Chrome, etc\u2026<\/p>\n\n\n\n<p>Le Docteur Alban POUCHELON met en  \u0153uvre tous les moyens dont il dispose, pour assurer une information  fiable et une mise \u00e0 jour fiable de ses sites internet. Toutefois, des  erreurs ou omissions peuvent survenir. L\u2019internaute devra donc s\u2019assurer  de l\u2019exactitude des informations, et signaler toutes modifications du  site qu\u2019il jugerait utile. n\u2019est en aucun cas responsable de  l\u2019utilisation faite de ces informations, et de tout pr\u00e9judice direct ou  indirect pouvant en d\u00e9couler.<br><strong>Cookies<\/strong> : Le site  www.alban-pouchelon.fr peut-\u00eatre amen\u00e9 \u00e0 vous demander l\u2019acceptation  des cookies pour des besoins de statistiques et d\u2019affichage. Un cookies  est une information d\u00e9pos\u00e9e sur votre disque dur par le serveur du site  que vous visitez. Il contient plusieurs donn\u00e9es qui sont stock\u00e9es sur  votre ordinateur dans un simple fichier texte auquel un serveur acc\u00e8de  pour lire et enregistrer des informations . Certaines parties de ce site  ne peuvent \u00eatre fonctionnelles sans l\u2019acceptation de cookies.<br><strong>Liens  hypertextes<\/strong> : Les sites internet de peuvent offrir des liens vers  d\u2019autres sites internet ou d\u2019autres ressources disponibles sur Internet.  Le Docteur Alban POUCHELON ne dispose d\u2019aucun moyen pour contr\u00f4ler les  sites en connexion avec ses sites internet. ne r\u00e9pond pas de la  disponibilit\u00e9 de tels sites et sources externes, ni ne la garantit. Il  ne peut \u00eatre tenue pour responsable de tout dommage, de quelque nature  que ce soit, r\u00e9sultant du contenu de ces sites ou sources externes, et  notamment des informations, produits ou services qu\u2019ils proposent, ou de  tout usage qui peut \u00eatre fait de ces \u00e9l\u00e9ments. Les risques li\u00e9s \u00e0 cette  utilisation incombent pleinement \u00e0 l\u2019internaute, qui doit se conformer \u00e0  leurs conditions d\u2019utilisation.<br>Les utilisateurs, les abonn\u00e9s et les  visiteurs des sites internet de ne peuvent mettre en place un hyperlien  en direction de ce site sans l\u2019autorisation expresse et pr\u00e9alable du  Docteur Alban POUCHELON.<br>Dans l\u2019hypoth\u00e8se o\u00f9 un utilisateur ou  visiteur souhaiterait mettre en place un hyperlien en direction d\u2019un des  sites internet du Docteur Alban POUCHELON, il lui appartiendra  d\u2019adresser un email accessible sur le site afin de formuler sa demande  de mise en place d\u2019un hyperlien. Le Docteur Alban POUCHELON se r\u00e9serve  le droit d\u2019accepter ou de refuser un hyperlien sans avoir \u00e0 en justifier  sa d\u00e9cision.Conditions d\u2019utilisation : <br>Ce site  (www.alban-pouchelon.fr) est propos\u00e9 en diff\u00e9rents langages web  (HTML, HTML5, Javascript, CSS, etc\u2026) pour un meilleur confort  d\u2019utilisation et un graphisme plus agr\u00e9able, nous vous recommandons de  recourir \u00e0 des navigateurs modernes comme Internet explorer, Safari,  Firefox, Google Chrome, etc\u2026<\/p>\n\n\n\n<p><\/p>\n\n\n\n<p> <strong>Services fournis : <\/strong><br>L\u2019ensemble des activit\u00e9s de la soci\u00e9t\u00e9 ainsi que ses informations sont pr\u00e9sent\u00e9s sur notre site www.alban-pouchelon.fr.<br>Le  Docteur Alban POUCHELON s\u2019efforce de fournir sur le site  www.alban-pouchelon.fr des informations aussi pr\u00e9cises que possible.  les renseignements figurant sur le site www.alban-pouchelon.fr ne  sont pas exhaustifs et les photos non contractuelles. Ils sont donn\u00e9s  sous r\u00e9serve de modifications ayant \u00e9t\u00e9 apport\u00e9es depuis leur mise en  ligne. Par ailleurs, tous les informations indiqu\u00e9es sur le site  www.alban-pouchelon.fr sont donn\u00e9es \u00e0 titre indicatif, et sont  susceptibles de changer ou d\u2019\u00e9voluer sans pr\u00e9avis.<br><strong>Limitation contractuelles sur les donn\u00e9es : <\/strong><br>Les  informations contenues sur ce site sont aussi pr\u00e9cises que possible et  le site remis \u00e0 jour \u00e0 diff\u00e9rentes p\u00e9riodes de l\u2019ann\u00e9e, mais peut  toutefois contenir des inexactitudes ou des omissions. Si vous constatez  une lacune, erreur ou ce qui parait \u00eatre un dysfonctionnement, merci de  bien vouloir le signaler par email, \u00e0 l\u2019adresse  contact@alban-pouchelon.fr, en d\u00e9crivant le probl\u00e8me de la mani\u00e8re  la plus pr\u00e9cise possible (page posant probl\u00e8me, type d\u2019ordinateur et de  navigateur utilis\u00e9, \u2026).<br>Tout contenu t\u00e9l\u00e9charg\u00e9 se fait aux risques  et p\u00e9rils de l\u2019utilisateur et sous sa seule responsabilit\u00e9. En  cons\u00e9quence, ne saurait \u00eatre tenu responsable d\u2019un quelconque dommage  subi par l\u2019ordinateur de l\u2019utilisateur ou d\u2019une quelconque perte de  donn\u00e9es cons\u00e9cutives au t\u00e9l\u00e9chargement. De plus, l\u2019utilisateur du site  s\u2019engage \u00e0 acc\u00e9der au site en utilisant un mat\u00e9riel r\u00e9cent, ne contenant  pas de virus et avec un navigateur de derni\u00e8re g\u00e9n\u00e9ration mis-\u00e0-jour<br>Les  liens hypertextes mis en place dans le cadre du pr\u00e9sent site internet  en direction d\u2019autres ressources pr\u00e9sentes sur le r\u00e9seau Internet ne  sauraient engager la responsabilit\u00e9 du Docteur Alban POUCHELON.<br><strong>Propri\u00e9t\u00e9 intellectuelle :<\/strong><br>Tout  le contenu du pr\u00e9sent sur le site www.alban-pouchelon.fr, incluant,  de fa\u00e7on non limitative, les graphismes, images, textes, vid\u00e9os,  animations, sons, logos, gifs et ic\u00f4nes ainsi que leur mise en forme  sont la propri\u00e9t\u00e9 exclusive de la soci\u00e9t\u00e9 \u00e0 l\u2019exception des marques,  logos ou contenus appartenant \u00e0 d\u2019autres soci\u00e9t\u00e9s partenaires ou  auteurs.<br>Toute reproduction, distribution, modification, adaptation,  retransmission ou publication, m\u00eame partielle, de ces diff\u00e9rents  \u00e9l\u00e9ments est strictement interdite sans l\u2019accord expr\u00e8s par \u00e9crit du  Docteur Alban POUCHELON. Cette repr\u00e9sentation ou reproduction, par  quelque proc\u00e9d\u00e9 que ce soit, constitue une contrefa\u00e7on sanctionn\u00e9e par  les articles L.335-2 et suivants du Code de la propri\u00e9t\u00e9 intellectuelle.  Le non-respect de cette interdiction constitue une contrefa\u00e7on pouvant  engager la responsabilit\u00e9 civile et p\u00e9nale du contrefacteur. En outre,  les propri\u00e9taires des Contenus copi\u00e9s pourraient intenter une action en  justice Services fournis : <br>L\u2019ensemble des activit\u00e9s de la soci\u00e9t\u00e9 ainsi que ses informations sont pr\u00e9sent\u00e9s sur notre site www.alban-pouchelon.fr.<br>Le  Docteur Alban POUCHELON s\u2019efforce de fournir sur le site  www.alban-pouchelon.fr des informations aussi pr\u00e9cises que possible.  les renseignements figurant sur le site www.alban-pouchelon.fr ne  sont pas exhaustifs et les photos non contractuelles. Ils sont donn\u00e9s  sous r\u00e9serve de modifications ayant \u00e9t\u00e9 apport\u00e9es depuis leur mise en  ligne. Par ailleurs, tous les informations indiqu\u00e9es sur le site  www.alban-pouchelon.fr sont donn\u00e9es \u00e0 titre indicatif, et sont  susceptibles de changer ou d\u2019\u00e9voluer sans pr\u00e9avis.<br>Limitation contractuelles sur les donn\u00e9es : <br>Les  informations contenues sur ce site sont aussi pr\u00e9cises que possible et  le site remis \u00e0 jour \u00e0 diff\u00e9rentes p\u00e9riodes de l\u2019ann\u00e9e, mais peut  toutefois contenir des inexactitudes ou des omissions. Si vous constatez  une lacune, erreur ou ce qui parait \u00eatre un dysfonctionnement, merci de  bien vouloir le signaler par email, \u00e0 l\u2019adresse  contact@alban-pouchelon.fr, en d\u00e9crivant le probl\u00e8me de la mani\u00e8re  la plus pr\u00e9cise possible (page posant probl\u00e8me, type d\u2019ordinateur et de  navigateur utilis\u00e9, \u2026).<br>Tout contenu t\u00e9l\u00e9charg\u00e9 se fait aux risques  et p\u00e9rils de l\u2019utilisateur et sous sa seule responsabilit\u00e9. En  cons\u00e9quence, ne saurait \u00eatre tenu responsable d\u2019un quelconque dommage  subi par l\u2019ordinateur de l\u2019utilisateur ou d\u2019une quelconque perte de  donn\u00e9es cons\u00e9cutives au t\u00e9l\u00e9chargement. De plus, l\u2019utilisateur du site  s\u2019engage \u00e0 acc\u00e9der au site en utilisant un mat\u00e9riel r\u00e9cent, ne contenant  pas de virus et avec un navigateur de derni\u00e8re g\u00e9n\u00e9ration mis-\u00e0-jour<br>Les  liens hypertextes mis en place dans le cadre du pr\u00e9sent site internet  en direction d\u2019autres ressources pr\u00e9sentes sur le r\u00e9seau Internet ne  sauraient engager la responsabilit\u00e9 du Docteur Alban POUCHELON.<br><strong>Propri\u00e9t\u00e9 intellectuelle :<\/strong><br>Tout  le contenu du pr\u00e9sent sur le site www.alban-pouchelon.fr, incluant,  de fa\u00e7on non limitative, les graphismes, images, textes, vid\u00e9os,  animations, sons, logos, gifs et ic\u00f4nes ainsi que leur mise en forme  sont la propri\u00e9t\u00e9 exclusive de la soci\u00e9t\u00e9 \u00e0 l\u2019exception des marques,  logos ou contenus appartenant \u00e0 d\u2019autres soci\u00e9t\u00e9s partenaires ou  auteurs.<br>Toute reproduction, distribution, modification, adaptation,  retransmission ou publication, m\u00eame partielle, de ces diff\u00e9rents  \u00e9l\u00e9ments est strictement interdite sans l\u2019accord expr\u00e8s par \u00e9crit du  Docteur Alban POUCHELON. Cette repr\u00e9sentation ou reproduction, par  quelque proc\u00e9d\u00e9 que ce soit, constitue une contrefa\u00e7on sanctionn\u00e9e par  les articles L.335-2 et suivants du Code de la propri\u00e9t\u00e9 intellectuelle.  Le non-respect de cette interdiction constitue une contrefa\u00e7on pouvant  engager la responsabilit\u00e9 civile et p\u00e9nale du contrefacteur. En outre,  les propri\u00e9taires des Contenus copi\u00e9s pourraient intenter une action en  justice  <\/p>\n\n\n\n<p> <strong>D\u00e9claration \u00e0 la CNIL : <\/strong><br>Conform\u00e9ment  \u00e0 la loi 78-17 du 6 janvier 1978 (modifi\u00e9e par la loi 2004-801 du 6  ao\u00fbt 2004 relative \u00e0 la protection des personnes physiques \u00e0 l\u2019\u00e9gard des  traitements de donn\u00e9es \u00e0 caract\u00e8re personnel) relative \u00e0  l\u2019informatique, aux fichiers et aux libert\u00e9s, ce site n\u2019a pas fait  l\u2019objet d\u2019une d\u00e9claration aupr\u00e8s de la Commission nationale de  l\u2019informatique et des libert\u00e9s (www.cnil.fr).<br><strong>Litiges : <\/strong><br>Les  pr\u00e9sentes conditions du site www.alban-pouchelon.fr sont r\u00e9gies par  les lois fran\u00e7aises et toute contestation ou litiges qui pourraient  na\u00eetre de l\u2019interpr\u00e9tation ou de l\u2019ex\u00e9cution de celles-ci seront de la  comp\u00e9tence exclusive des tribunaux dont d\u00e9pend le si\u00e8ge social de la  soci\u00e9t\u00e9. La langue de r\u00e9f\u00e9rence, pour le r\u00e8glement de contentieux  \u00e9ventuels, est le fran\u00e7ais.<br><strong>Donn\u00e9es personnelles :<\/strong><br>De mani\u00e8re  g\u00e9n\u00e9rale, vous n\u2019\u00eates pas tenu de nous communiquer vos donn\u00e9es  personnelles lorsque vous visitez notre site Internet  www.alban-pouchelon.fr.<\/p>\n","protected":false},"excerpt":{"rendered":"<p>QUI SOMMES NOUS L\u2019adresse de notre site Web est : http:\/\/alban-pouchelon.fr Pour tout renseignement : contact@alban-pouchelon.frUtilisation des donn\u00e9es personnelles collect\u00e9esCommentaires Quand vous laissez un commentaire sur notre site web, les donn\u00e9es inscrites dans le formulaire de commentaire, mais aussi votre adresse IP et l\u2019agent utilisateur de votre navigateur sont collect\u00e9s pour nous aider \u00e0 la&hellip; <br \/> <a class=\"read-more\" href=\"https:\/\/alban-pouchelon.fr\/index.php\/mentionslegales\/\">Lire la suite<\/a><\/p>\n","protected":false},"author":1,"featured_media":0,"parent":0,"menu_order":0,"comment_status":"closed","ping_status":"open","template":"","meta":{"footnotes":""},"class_list":["post-2","page","type-page","status-publish","hentry"],"jetpack_sharing_enabled":true,"_links":{"self":[{"href":"https:\/\/alban-pouchelon.fr\/index.php\/wp-json\/wp\/v2\/pages\/2","targetHints":{"allow":["GET"]}}],"collection":[{"href":"https:\/\/alban-pouchelon.fr\/index.php\/wp-json\/wp\/v2\/pages"}],"about":[{"href":"https:\/\/alban-pouchelon.fr\/index.php\/wp-json\/wp\/v2\/types\/page"}],"author":[{"embeddable":true,"href":"https:\/\/alban-pouchelon.fr\/index.php\/wp-json\/wp\/v2\/users\/1"}],"replies":[{"embeddable":true,"href":"https:\/\/alban-pouchelon.fr\/index.php\/wp-json\/wp\/v2\/comments?post=2"}],"version-history":[{"count":4,"href":"https:\/\/alban-pouchelon.fr\/index.php\/wp-json\/wp\/v2\/pages\/2\/revisions"}],"predecessor-version":[{"id":133,"href":"https:\/\/alban-pouchelon.fr\/index.php\/wp-json\/wp\/v2\/pages\/2\/revisions\/133"}],"wp:attachment":[{"href":"https:\/\/alban-pouchelon.fr\/index.php\/wp-json\/wp\/v2\/media?parent=2"}],"curies":[{"name":"wp","href":"https:\/\/api.w.org\/{rel}","templated":true}]}}